{"id":193,"date":"2026-02-11T15:26:11","date_gmt":"2026-02-11T15:26:11","guid":{"rendered":"https:\/\/nuvita-care.de\/?page_id=193"},"modified":"2026-02-11T19:44:26","modified_gmt":"2026-02-11T19:44:26","slug":"inklusion","status":"publish","type":"page","link":"https:\/\/nuvita-care.de\/?page_id=193","title":{"rendered":"Inklusion"},"content":{"rendered":"\n<div class=\"wp-block-columns is-layout-flex wp-container-core-columns-is-layout-28f84493 wp-block-columns-is-layout-flex\">\n<div class=\"wp-block-column is-layout-flow wp-block-column-is-layout-flow\" style=\"flex-basis:60%\">\n<h1 class=\"wp-block-heading has-text-color has-link-color wp-elements-08225967ace2ef3ae2eeccc879f7c1e1\" style=\"color:#05cd9b\"><strong>Inklusion<\/strong><\/h1>\n\n\n\n<p>In der station\u00e4ren Jugendhilfe bahnt sich die Herausforderung zur Inklusion von Kindern mit Bedarfen an Eingliederungshilfe aufgrund geistiger und\/oder k\u00f6rperlicher Behinderungen an.<\/p>\n<\/div>\n\n\n\n<div class=\"wp-block-column is-layout-flow wp-block-column-is-layout-flow\" style=\"flex-basis:50%\">\n<figure class=\"wp-block-image alignright size-large is-resized has-custom-border\"><img loading=\"lazy\" decoding=\"async\" width=\"1024\" height=\"954\" src=\"https:\/\/nuvita-care.de\/wp-content\/uploads\/2026\/02\/lifestyle-child-wheelchair-scaled-e1770824112491-1024x954.jpg\" alt=\"\" class=\"wp-image-197\" style=\"border-top-left-radius:20px;border-top-right-radius:20px;border-bottom-left-radius:20px;border-bottom-right-radius:20px;aspect-ratio:1.0733554400430185;width:275px;height:auto\" srcset=\"https:\/\/nuvita-care.de\/wp-content\/uploads\/2026\/02\/lifestyle-child-wheelchair-scaled-e1770824112491-1024x954.jpg 1024w, https:\/\/nuvita-care.de\/wp-content\/uploads\/2026\/02\/lifestyle-child-wheelchair-scaled-e1770824112491-300x279.jpg 300w, https:\/\/nuvita-care.de\/wp-content\/uploads\/2026\/02\/lifestyle-child-wheelchair-scaled-e1770824112491-768x715.jpg 768w, https:\/\/nuvita-care.de\/wp-content\/uploads\/2026\/02\/lifestyle-child-wheelchair-scaled-e1770824112491-1536x1431.jpg 1536w, https:\/\/nuvita-care.de\/wp-content\/uploads\/2026\/02\/lifestyle-child-wheelchair-scaled-e1770824112491.jpg 1835w\" sizes=\"auto, (max-width: 1024px) 100vw, 1024px\" \/><\/figure>\n<\/div>\n<\/div>\n\n\n\n<p>Zwar besteht bislang nur ein Referentenentwurf zu einer Neufassung des SGB VIII, aber das Recht auf volle soziale Teilhabe f\u00fcr Kinder und Jugendliche mit besonderen Bed\u00fcrfnissen und Behinderungen wird in der einen oder anderen Form die Angebote im Bereich Hilfen zur Erziehung \u00fcber den derzeitigen \u00a735a hinaus in den n\u00e4chsten Jahren pr\u00e4gen .<\/p>\n\n\n\n<p>Sollte das Gesetz wie vorgelegt kommen, besteht sogar kurzfristiger Handlungsbedarf, um f\u00fcr Minderj\u00e4hrige mit Eingliederungsbedarf nach SGB IX ad\u00e4quate inklusive Angebote auch im station\u00e4ren Bereich verf\u00fcgbar zu machen. Die meisten Tr\u00e4ger und Einrichtungen nach \u00a734 sind darauf weder baulich noch personell oder konzeptionell eingestellt. Die in der Behindertenhilfe g\u00e4ngigen Methoden und Tools, z.B. in der Hilfeplanung, sind f\u00fcr die meisten freien Jugendhilfetr\u00e4ger und deren Teams Neuland.<\/p>\n\n\n\n<p>Vor diesem Hintergrund entwickeln wir derzeit einen methodischen &#8222;Werkzeugkasten&#8220;, um integrative Strukturen und Konzepte in station\u00e4ren Einrichtungen wirksam und m\u00f6glichst reibungsfrei implementieren zu k\u00f6nnen. Dazu geh\u00f6ren:<\/p>\n\n\n\n<ul class=\"wp-block-list\">\n<li>Schulung: Grundlagen und spezielle Kenntnisse <\/li>\n\n\n\n<li>Methoden aus der Eingliederungshilfe<\/li>\n\n\n\n<li>Barrierefreiheit auf allen Ebenen<\/li>\n\n\n\n<li>Sozialgef\u00fcge und Spielregeln in inklusiven Gruppen<\/li>\n<\/ul>\n\n\n\n<p><\/p>\n","protected":false},"excerpt":{"rendered":"<p>Inklusion In der station\u00e4ren Jugendhilfe bahnt sich die Herausforderung zur Inklusion von Kindern mit Bedarfen an Eingliederungshilfe aufgrund geistiger und\/oder k\u00f6rperlicher Behinderungen an. Zwar besteht bislang nur ein Referentenentwurf zu einer Neufassung des SGB VIII, aber das Recht auf volle soziale Teilhabe f\u00fcr Kinder und Jugendliche mit besonderen Bed\u00fcrfnissen und Behinderungen wird in der einen [&hellip;]<\/p>\n","protected":false},"author":1,"featured_media":0,"parent":0,"menu_order":0,"comment_status":"closed","ping_status":"closed","template":"","meta":{"footnotes":""},"class_list":["post-193","page","type-page","status-publish","hentry"],"_links":{"self":[{"href":"https:\/\/nuvita-care.de\/index.php?rest_route=\/wp\/v2\/pages\/193","targetHints":{"allow":["GET"]}}],"collection":[{"href":"https:\/\/nuvita-care.de\/index.php?rest_route=\/wp\/v2\/pages"}],"about":[{"href":"https:\/\/nuvita-care.de\/index.php?rest_route=\/wp\/v2\/types\/page"}],"author":[{"embeddable":true,"href":"https:\/\/nuvita-care.de\/index.php?rest_route=\/wp\/v2\/users\/1"}],"replies":[{"embeddable":true,"href":"https:\/\/nuvita-care.de\/index.php?rest_route=%2Fwp%2Fv2%2Fcomments&post=193"}],"version-history":[{"count":12,"href":"https:\/\/nuvita-care.de\/index.php?rest_route=\/wp\/v2\/pages\/193\/revisions"}],"predecessor-version":[{"id":246,"href":"https:\/\/nuvita-care.de\/index.php?rest_route=\/wp\/v2\/pages\/193\/revisions\/246"}],"wp:attachment":[{"href":"https:\/\/nuvita-care.de\/index.php?rest_route=%2Fwp%2Fv2%2Fmedia&parent=193"}],"curies":[{"name":"wp","href":"https:\/\/api.w.org\/{rel}","templated":true}]}}

<div class="wp-block-columns is-layout-flex wp-container-core-columns-is-layout-28f84493 wp-block-columns-is-layout-flex">
<div class="wp-block-column is-layout-flow wp-block-column-is-layout-flow" style="flex-basis:60%">
<h1 class="wp-block-heading has-text-color has-link-color wp-elements-08225967ace2ef3ae2eeccc879f7c1e1" style="color:#05cd9b"><strong>Inklusion</strong></h1>



<p>In der stationären Jugendhilfe bahnt sich die Herausforderung zur Inklusion von Kindern mit Bedarfen an Eingliederungshilfe aufgrund geistiger und/oder körperlicher Behinderungen an.</p>
</div>



<div class="wp-block-column is-layout-flow wp-block-column-is-layout-flow" style="flex-basis:50%">
<figure class="wp-block-image alignright size-large is-resized has-custom-border"><img loading="lazy" decoding="async" width="1024" height="954" src="https://nuvita-care.de/wp-content/uploads/2026/02/lifestyle-child-wheelchair-scaled-e1770824112491-1024x954.jpg" alt="" class="wp-image-197" style="border-top-left-radius:20px;border-top-right-radius:20px;border-bottom-left-radius:20px;border-bottom-right-radius:20px;aspect-ratio:1.0733554400430185;width:275px;height:auto" srcset="https://nuvita-care.de/wp-content/uploads/2026/02/lifestyle-child-wheelchair-scaled-e1770824112491-1024x954.jpg 1024w, https://nuvita-care.de/wp-content/uploads/2026/02/lifestyle-child-wheelchair-scaled-e1770824112491-300x279.jpg 300w, https://nuvita-care.de/wp-content/uploads/2026/02/lifestyle-child-wheelchair-scaled-e1770824112491-768x715.jpg 768w, https://nuvita-care.de/wp-content/uploads/2026/02/lifestyle-child-wheelchair-scaled-e1770824112491-1536x1431.jpg 1536w, https://nuvita-care.de/wp-content/uploads/2026/02/lifestyle-child-wheelchair-scaled-e1770824112491.jpg 1835w" sizes="auto, (max-width: 1024px) 100vw, 1024px" /></figure>
</div>
</div>



<p>Zwar besteht bislang nur ein Referentenentwurf zu einer Neufassung des SGB VIII, aber das Recht auf volle soziale Teilhabe für Kinder und Jugendliche mit besonderen Bedürfnissen und Behinderungen wird in der einen oder anderen Form die Angebote im Bereich Hilfen zur Erziehung über den derzeitigen §35a hinaus in den nächsten Jahren prägen .</p>



<p>Sollte das Gesetz wie vorgelegt kommen, besteht sogar kurzfristiger Handlungsbedarf, um für Minderjährige mit Eingliederungsbedarf nach SGB IX adäquate inklusive Angebote auch im stationären Bereich verfügbar zu machen. Die meisten Träger und Einrichtungen nach §34 sind darauf weder baulich noch personell oder konzeptionell eingestellt. Die in der Behindertenhilfe gängigen Methoden und Tools, z.B. in der Hilfeplanung, sind für die meisten freien Jugendhilfeträger und deren Teams Neuland.</p>



<p>Vor diesem Hintergrund entwickeln wir derzeit einen methodischen &#8222;Werkzeugkasten&#8220;, um integrative Strukturen und Konzepte in stationären Einrichtungen wirksam und möglichst reibungsfrei implementieren zu können. Dazu gehören:</p>



<ul class="wp-block-list">
<li>Schulung: Grundlagen und spezielle Kenntnisse </li>



<li>Methoden aus der Eingliederungshilfe</li>



<li>Barrierefreiheit auf allen Ebenen</li>



<li>Sozialgefüge und Spielregeln in inklusiven Gruppen</li>
</ul>



<p></p>

<p>Inklusion In der stationären Jugendhilfe bahnt sich die Herausforderung zur Inklusion von Kindern mit Bedarfen an Eingliederungshilfe aufgrund geistiger und/oder körperlicher Behinderungen an. Zwar besteht bislang nur ein Referentenentwurf zu einer Neufassung des SGB VIII, aber das Recht auf volle soziale Teilhabe für Kinder und Jugendliche mit besonderen Bedürfnissen und Behinderungen wird in der einen [&hellip;]</p>
